 the prime factors of 358712?
2, 44839
List the prime factors of 3912393.
3, 1304131
List the prime factors of 791206.
2, 13, 30431
List the prime factors of 4331173.
7, 11, 56249
What are the prime factors of 613038?
2, 3, 83, 1231
List the prime factors of 3317593.
83, 39971
List the prime factors of 2547799.
491, 5189
List the prime factors of 12986111.
12986111
List the prime factors of 1452696.
2, 3, 7, 8647
What are the prime factors of 561870?
2, 3, 5, 2081
What are the prime factors of 76328?
2, 7, 29, 47
List the prime factors of 19436423.
17, 503, 2273
List the prime factors of 339825.
3, 5, 23, 197
List the prime factors of 245574.
2, 3, 7, 1949
List the prime factors of 2794584.
2, 3, 13, 53
List the prime factors of 313074.
2, 3, 17393
List the prime factors of 375298.
2, 7, 11, 2437
What are the prime factors of 402966?
2, 3, 61, 367
What are the prime factors of 59850?
2, 3, 5, 7, 19
List the prime factors of 1322047.
37, 35731
List the prime factors of 4498.
2, 13, 173
What are the prime factors of 2400626?
2, 1200313
List the prime factors of 396868.
2, 47, 2111
What are the prime factors of 249404?
2, 62351
What are the prime factors of 11132047?
193, 57679
List the prime factors of 22850114.
2, 7, 43, 37957
What are the prime factors of 78916?
2, 109, 181
List the prime factors of 3858917.
23, 167779
What are the prime factors of 367042?
2, 13, 19, 743
List the prime factors of 18594273.
3, 1291, 4801
What are the prime factors of 3681853?
7, 525979
What are the prime factors of 247616?
2, 53, 73
What are the prime factors of 6572931?
3, 17, 359
List the prime factors of 8497765.
5, 139, 12227
List the prime factors of 732531.
3, 244177
List the prime factors of 1039270.
2, 5, 103, 1009
List the prime factors of 1359864.
2, 3, 11, 17, 101
What are the prime factors of 4978444?
2, 1244611
List the prime factors of 294608.
2, 18413
List the prime factors of 9450035.
5, 7, 270001
What are the prime factors of 171173?
17, 10069
List the prime factors of 153745.
5, 97, 317
List the prime factors of 978831.
3, 7, 5179
What are the prime factors of 154435?
5, 67, 461
What are the prime factors of 2472354?
2, 3, 137353
List the prime factors of 318195.
3, 5, 2357
What are the prime factors of 254080?
2, 5, 397
List the prime factors of 3277258.
2, 31, 52859
List the prime factors of 10538359.
13, 810643
List the prime factors of 28152.
2, 3, 17, 23
List the prime factors of 15412583.
271, 56873
What are the prime factors of 3142299?
3, 37, 28309
List the prime factors of 3749665.
5, 397, 1889
What are the prime factors of 4437944?
2, 7, 19, 43, 97
What are the prime factors of 364912?
2, 22807
List the prime factors of 2211654.
2, 3, 368609
List the prime factors of 219502.
2, 109751
What are the prime factors of 212283?
3, 103, 229
What are the prime factors of 25872608?
2, 23, 35153
What are the prime factors of 10499494?
2, 1277, 4111
What are the prime factors of 574074?
2, 3, 10631
List the prime factors of 762505.
5, 152501
List the prime factors of 739796.
2, 184949
List the prime factors of 1246872.
2, 3, 11, 4723
List the prime factors of 855985.
5, 13, 1013
What are the prime factors of 9105628?
2, 7, 325201
List the prime factors of 318227.
7, 13, 269
List the prime factors of 120531.
3, 40177
List the prime factors of 160889.
349, 461
List the prime factors of 2465144.
2, 11, 109, 257
List the prime factors of 64560.
2, 3, 5, 269
List the prime factors of 3073734.
2, 3, 56921
What are the prime factors of 7410706?
2, 43, 86171
What are the prime factors of 1546364?
2, 107, 3613
What are the prime factors of 3436?
2, 859
List the prime factors of 909606.
2, 3, 19, 79, 101
List the prime factors of 5345097.
3, 1781699
What are the prime factors of 11648228?
2, 421, 6917
What are the prime factors of 75238?
2, 37619
What are the prime factors of 260400?
2, 3, 5, 7, 31
List the prime factors of 174852.
2, 3, 1619
List the prime factors of 19542011.
19542011
What are the prime factors of 9881221?
7, 1411603
What are the prime factors of 10199146?
2, 421, 12113
List the prime factors of 555984.
2, 3, 11, 13
What are the prime factors of 78414?
2, 3, 7, 1867
List the prime factors of 29858570.
2, 5, 7, 426551
What are the prime factors of 316854?
2, 3, 29, 607
What are the prime factors of 2591630?
2, 5, 259163
What are the prime factors of 869509?
101, 8609
List the prime factors of 155782.
2, 11, 73, 97
What are the prime factors of 4196157?
3, 7, 211, 947
List the prime factors of 1422252.
2, 3, 13, 1013
List the prime factors of 37806.
2, 3, 6301
List the prime factors of 2670444.
2, 3, 7, 10597
What are the prime factors of 3582752?
2, 103, 1087
What are the prime factors of 1282009?
1282009
List the prime factors of 3533585.
5, 11, 41, 1567
List the prime factors of 3885712.
2, 23, 10559
What are the prime factors of 2139598?
2, 23, 193, 241
List the prime factors of 1202356.
2, 300589
List the prime factors of 849457.
7, 121351
List the prime factors of 70735.
5, 7, 43, 47
List the prime factors of 2439484.
2, 37, 53, 311
List the prime factors of 3958345.
5, 41, 19309
List the prime factors of 1156913.
211, 5483
What are the prime factors of 507855?
3, 5, 33857
What are the prime factors of 40286770?
2, 5, 17, 236981
List the prime factors of 1246463.
967, 1289
List the prime factors of 3718886.
2, 17, 109379
What are the prime factors of 94537?
17, 67, 83
List the prime factors of 5817106.
2, 389, 7477
What are the prime factors of 7304054?
2, 71, 51437
What are the prime factors of 79815?
3, 5, 17, 313
What are the prime factors of 1846301?
47, 163, 241
List the prime factors of 4136104.
2, 7, 73859
List the prime factors of 1006218.
2, 3, 55901
List the prime factors of 2157968.
2, 134873
What are the prime factors of 5159634?
2, 3, 859939
What are the prime factors of 2195556?
2, 3, 11, 16633
List the prime factors of 614811.
3, 223, 919
What are the prime factors of 15623940?
2, 3, 5, 260399
List the prime factors of 293209.
7, 41887
What are the prime factors of 64922?
2, 11, 13, 227
What are the prime factors of 9389076?
2, 3, 607, 1289
What are the prime factors of 892893?
3, 31, 9601
What are the prime factors of 888487?
67, 89, 149
List the prime factors of 8758569.
3, 571, 5113
What are the prime factors of 1254619?
1254619
List the prime factors of 3713841.
3, 433, 953
What are the prime factors of 9772756?
2, 7, 17, 419
List the prime factors of 1756023.
3, 585341
List the prime factors of 7527419.
7527419
List the prime factors of 13774.
2, 71, 97
List the prime factors of 4188536.
2, 11, 4327
List the prime factors of 639994.
2, 71, 4507
What are the prime factors of 1106199?
3, 19, 6469
List the prime factors of 511459.
13, 39343
List the prime factors of 5462659.
5462659
List the prime factors of 16375337.
11, 1488667
What are the prime factors of 383021?
19, 1061
What are the prime factors of 69225?
3, 5, 13, 71
What are the prime factors of 2057778?
2, 3, 53, 719
List the prime factors of 10077619.
19, 530401
What are the prime factors of 37942?
2, 61, 311
What are the prime factors of 565080?
2, 3, 5, 17, 277
List the prime factors of 352205.
5, 7, 29, 347
List the prime factors of 819422.
2, 409711
List the prime factors of 17119919.
41, 417559
What are the prime factors of 2530884?
2, 3, 210907
What are the prime factors of 10253613?
3, 67, 139, 367
What are the prime factors of 281980?
2, 5, 23, 613
List the prime factors of 13813.
19, 727
What are the prime factors of 268901?
443, 607
List the prime factors of 3108901.
3108901
List the prime factors of 50344.
2, 7, 29, 31
What are the prime factors of 31555?
5, 6311
List the prime factors of 250581.
3, 101, 827
What are the prime factors of 290645?
5, 58129
What are the prime factors of 645856?
2, 20183
What are the prime factors of 4329119?
31, 73, 1913
List the prime factors of 14233737.
3, 7, 233, 2909
List the prime factors of 1961040.
2, 3, 5, 8171
List the prime factors of 488104.
2, 17, 37, 97
What are the prime factors of 5670441?
3, 7, 90007
List the prime factors of 8218130.
2, 5, 23, 35731
What are the prime factors of 8810836?
2, 101, 113, 193
List the prime factors of 3278475.
3, 5, 1619
List the prime factors of 2165717.
199, 1